4*o - 2049 = -18*g + 21*g, 4*g = -5*o + 2569. Let t = o - 475. Calculate the highest common factor of 798 and t.
38
Let l(q) = 8*q**2 - 133 + 16*q**2 - 36*q - 46*q**2 + 21*q**2. Let a be l(-19). Calculate the greatest common factor of 114 and a.
38
Let r(q) = 3*q**2 + 11*q + 17. Let d be r(-12). Suppose -3*n + 0*n = -2*x + 357, -d = -2*x - 5*n. Calculate the highest common factor of x and 19.
19
Suppose -705*b + 678*b = -837. What is the highest common factor of b and 5425?
31
Let g(v) = -495*v. Let m = 53 + -54. Let d be g(m). Suppose 2*r = -r + d. Calculate the highest common divisor of r and 15.
15
Let w(r) = -39*r + 755. Let s be w(19). Calculate the highest common divisor of s and 4809.
7
Let c = -3 + 2. Let w be 9/(c + (-21)/(-12)). Suppose -114*r - 3036 = -367*r. Calculate the greatest common factor of w and r.
12
Let f be ((-15)/(-3))/((-1)/8). Suppose -4*n + j - 46 + 282 = 0, j = 5*n - 296. Let t = f + n. Calculate the greatest common factor of 20 and t.
20
Let i = -153 + 200. Suppose m - 2*u = i, 12 = 4*m + 5*u - 189. Calculate the highest common divisor of 35 and m.
7
Let v be (-40 - 0)/((-184)/18 - -10). Suppose 5*h - 8*h = -v. What is the highest common factor of h and 270?
30
Let c = 12314 - 11277. Calculate the greatest common factor of c and 1525.
61
Let i = 146 + -144. Suppose 2*r + i*q - 673 + 73 = 0, -3*r + 896 = 4*q. Calculate the highest common factor of 38 and r.
38
Suppose -189*c = -12733 - 28847. What is the highest common divisor of c and 8910?
110
Let f(t) = t**3 + 4*t**2 - 23*t - 7. Let c be f(-7). Suppose -189 = -c*g - 63. What is the greatest common factor of g and 72?
18
Let i be 312/(-182)*14*-82. What is the highest common divisor of i and 336?
48
Suppose -2*n = -5*y + 75, -n = -3*n + y - 63. Let m be ((-1152)/40)/(3/n). Calculate the greatest common factor of 9 and m.
9
Let p(z) = -6 + z**2 + 2077*z + 3*z**2 - 2106*z + z**3. Let g be p(-7). Calculate the greatest common factor of 10 and g.
10
Let l(k) = 8*k + 350. Let n be l(-34). Calculate the greatest common factor of n and 1898.
26
Suppose -29667 = 18*q - 29937. Calculate the greatest common factor of 5385 and q.
15
Let f(g) = -310*g - 73. Let s be f(-2). Let r = s + -503. Calculate the highest common divisor of 33 and r.
11
Suppose 2*c = 3*o + 684, 12 + 233 = -o - 5*c. Let n = 494 + o. Calculate the greatest common divisor of 24 and n.
24
Suppose -m + 200 = w, -3*m + 4*w + 513 + 73 = 0. Let k(f) = 3*f**2 - f - 6. Let a be k(4). Let u = a + -20. What is the greatest common factor of m and u?
18
Let d be (-3144)/(-10)*(-4)/(-6) - 128/(-320). Calculate the highest common divisor of 560 and d.
70
Let c be 99*(-9 + (-164)/(-12)). Calculate the greatest common divisor of 294 and c.
42
Let z(f) = 52*f + 724. Let i be z(-10). What is the highest common factor of 60 and i?
12
Let f(t) = -2*t - 4. Let g be f(-3). Suppose -4*p - o = -184, -g*p - 5*o + 83 = -27. Calculate the greatest common factor of p and 180.
45
Let o(t) = t**3 - t**2 - 5*t - 2. Let v be o(4). Let u = -427 + 628. Suppose -c - 84 = -u. What is the greatest common factor of v and c?
13
Let a be (24/(-28))/(2/(-112)). Let h be 77/(-4) - (-3)/(-4). Let y = 32 + h. Calculate the greatest common divisor of a and y.
12
Let p(x) = 2*x + 21. Let b be p(8). Let v = b - 32. Suppose -i + v*t = t - 16, 3*t = -i + 9. What is the highest common divisor of 18 and i?
6
Let s be (4/(-10))/(2/(-20)). Suppose 8*f - 1776 = 3*f + s*h, 2*f - h - 708 = 0. What is the highest common factor of 32 and f?
32
Let t = 78 - 18. Let d = 68 - t. Let a(p) = 20*p - 52. Let o be a(d). What is the highest common divisor of o and 27?
27
Suppose 27*n - 14*n = -9*n + 50820. What is the greatest common factor of n and 294?
42
Suppose 3*s - s = -3*o + 168, o = -3*s + 252. Let h = -54 + s. Let k be 3/4*(h/(-5) - -46). Calculate the greatest common divisor of 12 and k.
6
Let a(o) = -2*o**2 + 58*o - 63. Suppose 15*p = 12*p + 9, -4*m = 2*p - 110. Let i be a(m). Calculate the greatest common factor of 3 and i.
3
Let f(h) = -2*h**2 - 40*h + 42. Let l be f(-21). Let y(v) = v**3 + 2*v**2 + 3*v + 100. Let d be y(l). What is the greatest common divisor of 25 and d?
25
Let x(j) = 15*j - 15. Let h be x(4). Suppose -3*t = -20 - 1. Suppose t = 3*z - 47. What is the greatest common divisor of h and z?
9
Suppose 2*z + 64 = 4*z. Let x be z/(-80) - 14/(-10). Let v(l) = 146*l - 2. Let m be v(x). What is the highest common factor of m and 16?
16
Suppose 34 = 9*x - 8*x. Calculate the highest common factor of x and 731.
17
Let c = 588 + 83. Suppose -46 = -2*a - 2*n, -397*a + 393*a + 32 = -n. Calculate the greatest common factor of a and c.
11
Let s be (-8)/2 + -3*15/(-9). Let p(u) = -u**3 - 17*u**2 + 17*u - 22. Let t be p(-18). Let i be -2*1/t*-6 - -19. What is the greatest common factor of i and s?
1
Let a(h) be the third derivative of h**4/4 + 29*h**3/2 + 28*h**2 + 2*h. Let v be a(8). What is the greatest common factor of v and 81?
27
Let l be (-12)/20*(-15 - 0). Suppose q = l*q - 192. Suppose -4*y - 120 = -2*c, 0 = c - 0*y + 5*y - 60. What is the highest common divisor of q and c?
12
Suppose -16 - 276 = -3*s + 4*k, 5*s - 506 = -3*k. Suppose -4*v = -95 - 313. Suppose v*l = 98*l + 80. What is the highest common divisor of s and l?
20
Let i(t) = 2*t**3 + 20*t**2 - 19*t - 70. Let s be i(-7). Calculate the greatest common divisor of s and 14.
7
Suppose 0 = 10*r + 10895 - 38045. Calculate the highest common divisor of r and 15.
15
Let s be (-16)/(-12)*(1 - (-26)/4). Suppose 0 = -3*t + 2*m + 28, t = -2*m + s + 2. Suppose 16*k + t = 18*k. What is the highest common divisor of 1 and k?
1
Let z be (230/(-23) + 15)*(5 + 0). Calculate the highest common divisor of z and 355.
5
Suppose 0 = -j + 2*b - 65 + 1951, -4*b - 9400 = -5*j. Calculate the highest common factor of j and 56.
28
Suppose 6*f = 17 + 127. Suppose x = -6*q + q + f, -4*x + 50 = -3*q. Suppose -15*o + 504 = -11*o - t, -3*t = 0. What is the greatest common divisor of x and o?
14
Suppose 7*d + 8 = -34. Let n be -2 + d - (-44 - 4). Calculate the highest common divisor of n and 72.
8
Let x = -102 - -427. Let u = x + -206. Suppose -1627 = 416*c - 4539. Calculate the greatest common factor of c and u.
7
Suppose 2*f - 227 = 15*b - 35, -3*f - 5*b = -233. What is the highest common factor of f and 2700?
27
Let f be 336/210*(15/(-2))/3 + 7200. Calculate the greatest common divisor of f and 28.
28
Let p be (44/16)/((-135)/(-10260)). Let k be 5/(3*(-3)/(-9)). Let s be 17 + k/((-5)/(-2)). Calculate the greatest common divisor of s and p.
19
Let f = -167 + 211. What is the highest common divisor of 187 and f?
11
Let n(r) = 166*r + 802. Let q be n(-4). What is the greatest common divisor of q and 3381?
69
Suppose 3*z + 7*r - 5*r - 344 = 0, -2*z + 212 = -3*r. Calculate the greatest common divisor of z and 707.
7
Suppose -4*x + 1566 = -x. Suppose 4*s - 20*k = 232, 3*s + 17*k - 174 = 19*k. Calculate the greatest common divisor of s and x.
58
Let p be (-23)/(690/(-20))*324/1. What is the highest common divisor of p and 243?
27
Let d = -8 - -12. Suppose -d*x + 3*u + u = 0, u - 30 = -5*x. Let b(y) = 2*y**2 + 7*y + 6. Let s be b(-4). Calculate the highest common factor of x and s.
5
Let y = -44 - -92. Let k be (-2)/22*-3 - 11895/(-429). What is the greatest common factor of y and k?
4
Let v(h) = -5*h**2 - 203*h - 58. Let m(p) = 2*p**2 + 67*p + 19. Let k(u) = -17*m(u) - 6*v(u). Let z be k(20). What is the highest common factor of z and 815?
5
Let y(q) = 108*q - 40. Let c be y(-2). Let x = c - -266. What is the greatest common divisor of x and 130?
10
Suppose -2452 + 989 = -7*v. Suppose -v*q = -211*q + 96. What is the highest common factor of q and 228?
12
Let t = -14157 + 14178. Calculate the highest common divisor of t and 15603.
21
Suppose 161*c = 180*c - 1406. What is the greatest common divisor of 3922 and c?
74
Let v = 82 - -191. Suppose v = -18*g + 741. What is the highest common factor of g and 182?
26
Let j be (-840)/(-9)*(-2)/((-10)/15). What is the highest common divisor of 378 and j?
14
Let l be 8*-2*((-248)/32 - -6). Let u be (-9)/((-6)/l - (-16)/(-56)). Calculate the highest common divisor of u and 18.
18
Let n = 13765 + -13136. Calculate the highest common factor of n and 259.
37
Let y = 178 - -95. Suppose 17*c =